{"id":490,"date":"2025-04-22T17:20:02","date_gmt":"2025-04-22T20:20:02","guid":{"rendered":"https:\/\/delipan.com.ar\/?page_id=490"},"modified":"2025-04-22T17:23:36","modified_gmt":"2025-04-22T20:23:36","slug":"delipan-multisemillas","status":"publish","type":"page","link":"https:\/\/delipan.com.ar\/?page_id=490","title":{"rendered":"Delipan Multisemillas"},"content":{"rendered":"\t\t<div data-elementor-type=\"wp-page\" data-elementor-id=\"490\" class=\"elementor elementor-490\" data-elementor-post-type=\"page\">\n\t\t\t\t<div class=\"elementor-element elementor-element-2f4e6c5 e-flex e-con-boxed e-con e-parent\" data-id=\"2f4e6c5\" data-element_type=\"container\" data-e-type=\"container\" data-settings=\"{&quot;background_background&quot;:&quot;classic&quot;}\">\n\t\t\t\t\t<div class=\"e-con-inner\">\n\t\t\t\t\t<\/div>\n\t\t\t\t<\/div>\n\t\t<div class=\"elementor-element elementor-element-0f8c328 e-flex e-con-boxed e-con e-parent\" data-id=\"0f8c328\" data-element_type=\"container\" data-e-type=\"container\">\n\t\t\t\t\t<div class=\"e-con-inner\">\n\t\t<div class=\"elementor-element elementor-element-25d6d0a e-con-full e-flex e-con e-child\" data-id=\"25d6d0a\" data-element_type=\"container\" data-e-type=\"container\">\n\t\t\t\t<div class=\"elementor-element elementor-element-20322c4 elementor-invisible elementor-widget elementor-widget-image\" data-id=\"20322c4\" data-element_type=\"widget\" data-e-type=\"widget\" data-settings=\"{&quot;_animation&quot;:&quot;fadeInRight&quot;}\" data-widget_type=\"image.default\">\n\t\t\t\t<div class=\"elementor-widget-container\">\n\t\t\t\t\t\t\t\t\t\t\t\t\t\t\t<img fetchpriority=\"high\" decoding=\"async\" width=\"600\" height=\"600\" src=\"https:\/\/delipan.com.ar\/wp-content\/uploads\/2024\/02\/deli_multisemillas.png\" class=\"elementor-animation-bounce-in attachment-large size-large wp-image-88\" alt=\"\" srcset=\"https:\/\/delipan.com.ar\/wp-content\/uploads\/2024\/02\/deli_multisemillas.png 600w, https:\/\/delipan.com.ar\/wp-content\/uploads\/2024\/02\/deli_multisemillas-300x300.png 300w, https:\/\/delipan.com.ar\/wp-content\/uploads\/2024\/02\/deli_multisemillas-150x150.png 150w\" sizes=\"(max-width: 600px) 100vw, 600px\" \/>\t\t\t\t\t\t\t\t\t\t\t\t\t\t\t<\/div>\n\t\t\t\t<\/div>\n\t\t\t\t<\/div>\n\t\t<div class=\"elementor-element elementor-element-3397ec3 e-con-full e-flex e-con e-child\" data-id=\"3397ec3\" data-element_type=\"container\" data-e-type=\"container\">\n\t\t\t\t<div class=\"elementor-element elementor-element-2afb7de elementor-widget elementor-widget-heading\" data-id=\"2afb7de\" data-element_type=\"widget\" data-e-type=\"widget\" data-widget_type=\"heading.default\">\n\t\t\t\t<div class=\"elementor-widget-container\">\n\t\t\t\t\t<h2 class=\"elementor-heading-title elementor-size-default\">Multisemillas<\/h2>\t\t\t\t<\/div>\n\t\t\t\t<\/div>\n\t\t\t\t<div class=\"elementor-element elementor-element-b3a9584 elementor-widget elementor-widget-heading\" data-id=\"b3a9584\" data-element_type=\"widget\" data-e-type=\"widget\" data-widget_type=\"heading.default\">\n\t\t\t\t<div class=\"elementor-widget-container\">\n\t\t\t\t\t<h5 class=\"elementor-heading-title elementor-size-default\">El equilibrio entre el sabor y la salud<\/h5>\t\t\t\t<\/div>\n\t\t\t\t<\/div>\n\t\t\t\t<div class=\"elementor-element elementor-element-7f8380f elementor-widget elementor-widget-text-editor\" data-id=\"7f8380f\" data-element_type=\"widget\" data-e-type=\"widget\" data-widget_type=\"text-editor.default\">\n\t\t\t\t<div class=\"elementor-widget-container\">\n\t\t\t\t\t\t\t\t\tLas semillas de Girasol, S\u00e9samo y Ch\u00eda aportan minerales, fibras y antioxidantes, logrando un pan tan sano como sabroso.\nIngredientes: harina de trigo, ma\u00edz y arroz, semillas de girasol, s\u00e9samo negro y blanco, ch\u00eda, salvado, leche en polvo y soja.\n\t\t\t\t\t\t\t\t<\/div>\n\t\t\t\t<\/div>\n\t\t<div class=\"elementor-element elementor-element-1eee2a7 e-grid e-con-boxed e-con e-child\" data-id=\"1eee2a7\" data-element_type=\"container\" data-e-type=\"container\">\n\t\t\t\t\t<div class=\"e-con-inner\">\n\t\t\t\t<div class=\"elementor-element elementor-element-8d4898f elementor-widget elementor-widget-image\" data-id=\"8d4898f\" data-element_type=\"widget\" data-e-type=\"widget\" data-widget_type=\"image.default\">\n\t\t\t\t<div class=\"elementor-widget-container\">\n\t\t\t\t\t\t\t\t\t\t\t\t\t\t\t<img decoding=\"async\" width=\"1\" height=\"1\" src=\"https:\/\/delipan.com.ar\/wp-content\/uploads\/2025\/04\/grasas_trans.svg\" class=\"attachment-large size-large wp-image-435\" alt=\"\" \/>\t\t\t\t\t\t\t\t\t\t\t\t\t\t\t<\/div>\n\t\t\t\t<\/div>\n\t\t\t\t<div class=\"elementor-element elementor-element-17fbc0d elementor-widget elementor-widget-image\" data-id=\"17fbc0d\" data-element_type=\"widget\" data-e-type=\"widget\" data-widget_type=\"image.default\">\n\t\t\t\t<div class=\"elementor-widget-container\">\n\t\t\t\t\t\t\t\t\t\t\t\t\t\t\t<img decoding=\"async\" width=\"1\" height=\"1\" src=\"https:\/\/delipan.com.ar\/wp-content\/uploads\/2025\/04\/omega.svg\" class=\"attachment-large size-large wp-image-434\" alt=\"\" \/>\t\t\t\t\t\t\t\t\t\t\t\t\t\t\t<\/div>\n\t\t\t\t<\/div>\n\t\t\t\t\t<\/div>\n\t\t\t\t<\/div>\n\t\t<div class=\"elementor-element elementor-element-a7b365d e-grid e-con-full e-con e-child\" data-id=\"a7b365d\" data-element_type=\"container\" data-e-type=\"container\">\n\t\t\t\t<div class=\"elementor-element elementor-element-9e1bb6e elementor-widget elementor-widget-image\" data-id=\"9e1bb6e\" data-element_type=\"widget\" data-e-type=\"widget\" data-widget_type=\"image.default\">\n\t\t\t\t<div class=\"elementor-widget-container\">\n\t\t\t\t\t\t\t\t\t\t\t\t\t\t\t<img loading=\"lazy\" decoding=\"async\" width=\"1\" height=\"1\" src=\"https:\/\/delipan.com.ar\/wp-content\/uploads\/2025\/04\/multisemillas.svg\" class=\"attachment-large size-large wp-image-492\" alt=\"\" \/>\t\t\t\t\t\t\t\t\t\t\t\t\t\t\t<\/div>\n\t\t\t\t<\/div>\n\t\t\t\t<\/div>\n\t\t\t\t<\/div>\n\t\t\t\t\t<\/div>\n\t\t\t\t<\/div>\n\t\t\t\t<\/div>\n\t\t","protected":false},"excerpt":{"rendered":"<p>Multisemillas El equilibrio entre el sabor y la salud Las semillas de Girasol, S\u00e9samo y Ch\u00eda aportan minerales, fibras y antioxidantes, logrando un pan tan sano como sabroso. Ingredientes: harina de trigo, ma\u00edz y arroz, semillas de girasol, s\u00e9samo negro y blanco, ch\u00eda, salvado, leche en polvo y soja.<\/p>\n","protected":false},"author":1,"featured_media":0,"parent":0,"menu_order":0,"comment_status":"closed","ping_status":"closed","template":"","meta":{"footnotes":""},"class_list":["post-490","page","type-page","status-publish","hentry"],"_links":{"self":[{"href":"https:\/\/delipan.com.ar\/index.php?rest_route=\/wp\/v2\/pages\/490","targetHints":{"allow":["GET"]}}],"collection":[{"href":"https:\/\/delipan.com.ar\/index.php?rest_route=\/wp\/v2\/pages"}],"about":[{"href":"https:\/\/delipan.com.ar\/index.php?rest_route=\/wp\/v2\/types\/page"}],"author":[{"embeddable":true,"href":"https:\/\/delipan.com.ar\/index.php?rest_route=\/wp\/v2\/users\/1"}],"replies":[{"embeddable":true,"href":"https:\/\/delipan.com.ar\/index.php?rest_route=%2Fwp%2Fv2%2Fcomments&post=490"}],"version-history":[{"count":4,"href":"https:\/\/delipan.com.ar\/index.php?rest_route=\/wp\/v2\/pages\/490\/revisions"}],"predecessor-version":[{"id":497,"href":"https:\/\/delipan.com.ar\/index.php?rest_route=\/wp\/v2\/pages\/490\/revisions\/497"}],"wp:attachment":[{"href":"https:\/\/delipan.com.ar\/index.php?rest_route=%2Fwp%2Fv2%2Fmedia&parent=490"}],"curies":[{"name":"wp","href":"https:\/\/api.w.org\/{rel}","templated":true}]}}