{"id":793,"date":"2025-06-19T18:29:00","date_gmt":"2025-06-19T21:29:00","guid":{"rendered":"https:\/\/delipan.com.ar\/?page_id=793"},"modified":"2025-06-19T18:36:19","modified_gmt":"2025-06-19T21:36:19","slug":"regina-brioche","status":"publish","type":"page","link":"https:\/\/delipan.com.ar\/?page_id=793","title":{"rendered":"Regina &#8211; Brioche"},"content":{"rendered":"\t\t<div data-elementor-type=\"wp-page\" data-elementor-id=\"793\" class=\"elementor elementor-793\" data-elementor-post-type=\"page\">\n\t\t\t\t<div class=\"elementor-element elementor-element-2f4e6c5 e-flex e-con-boxed e-con e-parent\" data-id=\"2f4e6c5\" data-element_type=\"container\" data-e-type=\"container\" data-settings=\"{&quot;background_background&quot;:&quot;classic&quot;}\">\n\t\t\t\t\t<div class=\"e-con-inner\">\n\t\t\t\t<div class=\"elementor-element elementor-element-caed9ec elementor-widget elementor-widget-image\" data-id=\"caed9ec\" data-element_type=\"widget\" data-e-type=\"widget\" data-widget_type=\"image.default\">\n\t\t\t\t<div class=\"elementor-widget-container\">\n\t\t\t\t\t\t\t\t\t\t\t\t\t\t\t<img decoding=\"async\" width=\"1\" height=\"1\" src=\"https:\/\/delipan.com.ar\/wp-content\/uploads\/2025\/06\/Brioche.svg\" class=\"attachment-large size-large wp-image-803\" alt=\"\" \/>\t\t\t\t\t\t\t\t\t\t\t\t\t\t\t<\/div>\n\t\t\t\t<\/div>\n\t\t\t\t\t<\/div>\n\t\t\t\t<\/div>\n\t\t<div class=\"elementor-element elementor-element-0f8c328 e-flex e-con-boxed e-con e-parent\" data-id=\"0f8c328\" data-element_type=\"container\" data-e-type=\"container\">\n\t\t\t\t\t<div class=\"e-con-inner\">\n\t\t<div class=\"elementor-element elementor-element-25d6d0a e-con-full e-flex e-con e-child\" data-id=\"25d6d0a\" data-element_type=\"container\" data-e-type=\"container\">\n\t\t\t\t<div class=\"elementor-element elementor-element-8cc04f1 elementor-invisible elementor-widget elementor-widget-image\" data-id=\"8cc04f1\" data-element_type=\"widget\" data-e-type=\"widget\" data-settings=\"{&quot;_animation&quot;:&quot;fadeInRight&quot;}\" data-widget_type=\"image.default\">\n\t\t\t\t<div class=\"elementor-widget-container\">\n\t\t\t\t\t\t\t\t\t\t\t\t\t\t\t<img fetchpriority=\"high\" decoding=\"async\" width=\"800\" height=\"800\" src=\"https:\/\/delipan.com.ar\/wp-content\/uploads\/2025\/06\/regina_brioche1-1024x1024.jpg\" class=\"elementor-animation-bounce-in attachment-large size-large wp-image-805\" alt=\"\" srcset=\"https:\/\/delipan.com.ar\/wp-content\/uploads\/2025\/06\/regina_brioche1-1024x1024.jpg 1024w, https:\/\/delipan.com.ar\/wp-content\/uploads\/2025\/06\/regina_brioche1-300x300.jpg 300w, https:\/\/delipan.com.ar\/wp-content\/uploads\/2025\/06\/regina_brioche1-150x150.jpg 150w, https:\/\/delipan.com.ar\/wp-content\/uploads\/2025\/06\/regina_brioche1-768x768.jpg 768w, https:\/\/delipan.com.ar\/wp-content\/uploads\/2025\/06\/regina_brioche1.jpg 1181w\" sizes=\"(max-width: 800px) 100vw, 800px\" \/>\t\t\t\t\t\t\t\t\t\t\t\t\t\t\t<\/div>\n\t\t\t\t<\/div>\n\t\t\t\t<\/div>\n\t\t<div class=\"elementor-element elementor-element-3397ec3 e-con-full e-flex e-con e-child\" data-id=\"3397ec3\" data-element_type=\"container\" data-e-type=\"container\">\n\t\t\t\t<div class=\"elementor-element elementor-element-2afb7de elementor-widget elementor-widget-heading\" data-id=\"2afb7de\" data-element_type=\"widget\" data-e-type=\"widget\" data-widget_type=\"heading.default\">\n\t\t\t\t<div class=\"elementor-widget-container\">\n\t\t\t\t\t<h2 class=\"elementor-heading-title elementor-size-default\">Pan Brioche<\/h2>\t\t\t\t<\/div>\n\t\t\t\t<\/div>\n\t\t\t\t<div class=\"elementor-element elementor-element-20322c4 elementor-invisible elementor-widget elementor-widget-image\" data-id=\"20322c4\" data-element_type=\"widget\" data-e-type=\"widget\" data-settings=\"{&quot;_animation&quot;:&quot;fadeInRight&quot;}\" data-widget_type=\"image.default\">\n\t\t\t\t<div class=\"elementor-widget-container\">\n\t\t\t\t\t\t\t\t\t\t\t\t\t\t\t<img decoding=\"async\" width=\"800\" height=\"534\" src=\"https:\/\/delipan.com.ar\/wp-content\/uploads\/2025\/06\/regina_brioche.jpg\" class=\"elementor-animation-bounce-in attachment-large size-large wp-image-754\" alt=\"\" srcset=\"https:\/\/delipan.com.ar\/wp-content\/uploads\/2025\/06\/regina_brioche.jpg 800w, https:\/\/delipan.com.ar\/wp-content\/uploads\/2025\/06\/regina_brioche-300x200.jpg 300w, https:\/\/delipan.com.ar\/wp-content\/uploads\/2025\/06\/regina_brioche-768x513.jpg 768w\" sizes=\"(max-width: 800px) 100vw, 800px\" \/>\t\t\t\t\t\t\t\t\t\t\t\t\t\t\t<\/div>\n\t\t\t\t<\/div>\n\t\t\t\t<div class=\"elementor-element elementor-element-7f8380f elementor-widget elementor-widget-text-editor\" data-id=\"7f8380f\" data-element_type=\"widget\" data-e-type=\"widget\" data-widget_type=\"text-editor.default\">\n\t\t\t\t<div class=\"elementor-widget-container\">\n\t\t\t\t\t\t\t\t\tA este pan lo destaca su sabor. Est\u00e1 elaborado con huevos, leche y manteca, lo que le da un sabor de un pan hecho en casa y extra suave. Su exterior est\u00e1 pintado con leche, lo que le da un color marr\u00f3n dorado caracter\u00edstico de este tipo de variedad. Ideal comerlo como tostadas o para preparar s\u00e1ndwiches de todo tipo.\nIngredientes: harina de trigo, huevos, agua, aceite, az\u00facar, manteca, leche, levadura, sal fina.\n\t\t\t\t\t\t\t\t<\/div>\n\t\t\t\t<\/div>\n\t\t<div class=\"elementor-element elementor-element-4f7db69 e-grid e-con-full e-con e-child\" data-id=\"4f7db69\" data-element_type=\"container\" data-e-type=\"container\">\n\t\t\t\t<div class=\"elementor-element elementor-element-bb80749 elementor-widget elementor-widget-heading\" data-id=\"bb80749\" data-element_type=\"widget\" data-e-type=\"widget\" data-widget_type=\"heading.default\">\n\t\t\t\t<div class=\"elementor-widget-container\">\n\t\t\t\t\t<h2 class=\"elementor-heading-title elementor-size-default\">450g<\/h2>\t\t\t\t<\/div>\n\t\t\t\t<\/div>\n\t\t\t\t<\/div>\n\t\t\t\t<\/div>\n\t\t\t\t\t<\/div>\n\t\t\t\t<\/div>\n\t\t\t\t<\/div>\n\t\t","protected":false},"excerpt":{"rendered":"<p>Pan Brioche A este pan lo destaca su sabor. Est\u00e1 elaborado con huevos, leche y manteca, lo que le da un sabor de un pan hecho en casa y extra suave. Su exterior est\u00e1 pintado con leche, lo que le da un color marr\u00f3n dorado caracter\u00edstico de este tipo de variedad. Ideal comerlo como tostadas [&hellip;]<\/p>\n","protected":false},"author":1,"featured_media":0,"parent":0,"menu_order":0,"comment_status":"closed","ping_status":"closed","template":"","meta":{"footnotes":""},"class_list":["post-793","page","type-page","status-publish","hentry"],"_links":{"self":[{"href":"https:\/\/delipan.com.ar\/index.php?rest_route=\/wp\/v2\/pages\/793","targetHints":{"allow":["GET"]}}],"collection":[{"href":"https:\/\/delipan.com.ar\/index.php?rest_route=\/wp\/v2\/pages"}],"about":[{"href":"https:\/\/delipan.com.ar\/index.php?rest_route=\/wp\/v2\/types\/page"}],"author":[{"embeddable":true,"href":"https:\/\/delipan.com.ar\/index.php?rest_route=\/wp\/v2\/users\/1"}],"replies":[{"embeddable":true,"href":"https:\/\/delipan.com.ar\/index.php?rest_route=%2Fwp%2Fv2%2Fcomments&post=793"}],"version-history":[{"count":7,"href":"https:\/\/delipan.com.ar\/index.php?rest_route=\/wp\/v2\/pages\/793\/revisions"}],"predecessor-version":[{"id":808,"href":"https:\/\/delipan.com.ar\/index.php?rest_route=\/wp\/v2\/pages\/793\/revisions\/808"}],"wp:attachment":[{"href":"https:\/\/delipan.com.ar\/index.php?rest_route=%2Fwp%2Fv2%2Fmedia&parent=793"}],"curies":[{"name":"wp","href":"https:\/\/api.w.org\/{rel}","templated":true}]}}